/6 - 1552*j**2. Calculate h(-2).
19
Suppose -6*n + 9 = -5*n. Let m(q) = 2*q**3 - 16*q**2 - 20*q + 17. Determine m(n).
-1
Let m(t) = -4*t + 1. Let k(w) = w**3 - 19*w**2 - 2*w + 19. Let s(l) = -k(l) + 9*m(l). Calculate s(17).
-10
Let x(h) = -8*h**2 - 2*h + 2. Let y(o) = -31*o**2 - 15*o - 19. Let t(d) = -4*x(d) + y(d). Give t(-3).
3
Let l(u) be the third derivative of u**4/8 + u**3/6 + 2*u**2. Let o be -5 - (-6)/3 - 3/1. Let y be o - (-5 + 0 + 2). What is l(y)?
-8
Let n = 95 - 85. Suppose 4*c + 20 = 0, 4*y - 3 - n = c. Let u(p) = 2*p**2 - 5*p. Let x(r) = 5*r**2 - 16*r. Let v(i) = 7*u(i) - 2*x(i). Give v(y).
10
Let s(b) = b - 2 - 11*b - 153 - 2*b - 76. Give s(-20).
9
Let l(y) = -22*y - 123. Suppose -70 = -186*n - 1000. Determine l(n).
-13
Let t(a) = 7*a - 14. Let o(k) = k**2 - 10*k - 139. Let y be o(18). What is t(y)?
21
Let a(k) = k**2 + 3*k - 1. Let t(g) = 0*g**3 - g**3 - 22*g**2 - 19*g + 38*g**2 - 4*g**2 - 10. Let c be t(10). Let v be (-9 + c)*1/(-3) + -6. Determine a(v).
-1
Let y(z) = -8*z - 3. Let k(t) = -t + 17. Let w be k(32). Let r = -17 - w. Calculate y(r).
13
Let f be (-4)/1 + -6*6/(-9). Let h(k) = 8*k - 6*k + 3 - 1 - k + f*k. Let p = 10 - 17. Calculate h(p).
-5
Let l(p) = -2*p**2 + 3333*p - 2 - 3321*p - 3 + 2. What is l(3)?
15
Let v(q) be the first derivative of -q**3/3 + 1. Let h be 212/(-28) - (-13)/(91/4). Let a be (h - (-23)/3)*3. Calculate v(a).
-4
Let n(j) = j**2 + 19*j + 7. Let g = 320 + -315. Let u(y) = 3*y**2 - 19*y + 2. Let q be u(g). Calculate n(q).
-11
Let i(v) = 11*v**2 - 38*v - 6. Let j(q) = 24*q**2 - 79*q - 9. Let r(u) = -13*i(u) + 6*j(u). Determine r(-18).
-12
Let k(t) be the third derivative of 2*t + 1/12*t**5 + 1/120*t**6 + 5/24*t**4 + 0 - 1/2*t**3 - 19*t**2. What is k(-5)?
-28
Let r(j) = -4*j**3 + 3 + 0 + j**2 + 3*j**3. Suppose -25*m + 93 = 153*m + 93. Calculate r(m).
3
Let m(j) = -6*j - 86. Let s be m(14). Let c = s + 183. Let r(i) = i**2 - 14*i + 17. What is r(c)?
4
Suppose -77*n + 14843 = 14458. Let g(s) = -s**3 + 2*s**2 + 21*s - 6. What is g(n)?
24
Let i(z) = 34*z. Suppose -2*g + 112 = 52. Let c = 29 - g. Give i(c).
-34
Let h(d) = 37 - 24 - 25 + 30 + 2*d. Give h(-18).
-18
Suppose -2*z + 8 = 0, 3*z - 21 = 4*b - 37. Let x(c) = c + 0*c + b + 11 - 27 + 12. Calculate x(-6).
-3
Let p(m) = 59*m + 25. Let v be p(0). Let d(j) = -j**2 + 26*j. Determine d(v).
25
Let d(x) be the first derivative of -7*x**3/3 + x**2/2 - 51*x - 22. Let j(a) be the first derivative of d(a). Give j(1).
-13
Let z be 202/6 + 16/48. Let o = z + -34. Let h be (o - 1)*(1 - -4). Let f(r) = -r**3 - 5*r**2 + r + 1. Determine f(h).
-4
Let w be (-16)/6*(-1 - 2). Let h(k) = 8152*k**3 - 24445*k**3 + 8145*k**3 + 8147*k**3 - 8*k - 5 - 2 + 9*k**2. Calculate h(w).
-7
Let z be (-43 + 42)/((-1)/(-1)). Let d(y) = 4*y**2 - y. Give d(z).
5
Let l(r) = -59*r - 25. Let o(p) = -120*p - 54. Let y(b) = -13*l(b) + 6*o(b). Calculate y(-1).
-46
Suppose 0 = 3*c + 3*y - 24, -3*y + 30 = -5*c + 22. Let u(w) = -5*w - 4. Let h(i) = 5*i + 3. Let r(p) = -4*h(p) - 3*u(p). Calculate r(c).
-10
Let u(j) = j**3 - 20*j**2 + 31*j - 10. Let c(b) = 12*b**2 + 203*b + 1. Let i be c(-17). Calculate u(i).
-100
Let r(k) = 34 + 5*k - 4*k + 2*k - 7*k. What is r(11)?
-10
Let h(u) be the third derivative of -u**5/60 + u**4/3 - 13*u**3/3 + 16*u**2. Let g be h(6). Let n = g - -9. Let q(i) = -i**3 - 5*i**2 - i + 3. Determine q(n).
8
Let z(y) = -3*y**2 + 31*y - 48. Let a be z(9). Let o(n) = n**3 + 11*n**2 - 14*n - 8. What is o(a)?
16
Suppose 2*r + 8 = -2*r. Let v(k) = -14*k**2 + 13*k + 8. Let q(g) = 3*g - 5*g**2 - 6 + 9 + 2*g. Let w(l) = -8*q(l) + 3*v(l). Determine w(r).
-6
Let c = 73 + -65. Let m(s) = s**2 + 5*s + 4. Let h(g) = -2*g**2 - 4*g - 5. Let a(d) = 2*h(d) + 3*m(d). Calculate a(c).
-6
Let n(c) be the second derivative of -c**6/360 + c**5/60 + c**4/24 - 4*c**3/3 - 2*c + 75. Let t(y) be the second derivative of n(y). Determine t(0).
1
Let z be 101/3 - (2 + -4)/6. Let n(s) = z*s**2 + 4*s + 4 - 18*s**2 - 18*s**2. Let r be n(3). Let p(c) = c + 1. What is p(r)?
-1
Let b(u) = u**2 + 3*u + 1. Suppose j = -o - 2*o + 51, -183 = -3*j - 3*o. Let c be j/14 + -4*(-4)/56. Suppose c = 2*q + 11. Calculate b(q).
1
Suppose 5*i + 21 = 49*x - 45*x, -x = -5*i - 9. Let p(g) = g**3 - 7*g**2 + 6*g - 4. Calculate p(x).
-28
Suppose -y - 10 = -7. Let w be (4/(-6))/((y/3)/3). Let t(r) = -18*r + 1. Calculate t(w).
-35
Let h(p) = 8*p**3 + 4*p**2 - 2*p - 3. Let v be h(3). Let q = v - 240. Let c(x) = x**2 - 3*x + 3. Calculate c(q).
3
Let q(s) = 2*s**2 + 65*s - 28. Let d(v) = 4*v**2 + 69*v - 26. Let k(r) = 2*d(r) - 3*q(r). Determine k(28).
4
Suppose 4*l + 0*l + 320 = 0. Let o be 9*(l/12)/(-10). Let i(a) be the third derivative of a**6/120 - a**5/10 - a**4/6 - a**2. Give i(o).
-24
Suppose 0 = 4*g - 8, 0 = 2*b - 3*g - 17 - 5. Suppose -b*a = -151 + 39. Let s(u) = -u + 9. Determine s(a).
1
Let n(z) be the third derivative of z**5/60 + z**4/12 - 5*z**3/6 - 1635*z**2. What is n(5)?
30
Let g = 68 - -39. Suppose 108*l = g*l + 2. Let x(c) = 4*c + 0 + 8*c - 1 - 2. Determine x(l).
21
Let t(j) = j**3 + 4*j**2 + 3*j - 2. Let d = 224 - 219. Suppose d = -4*g - 7. Give t(g).
-2
Let g(w) be the first derivative of w**4/4 - 5*w**3/3 + 4*w**2 - 4*w - 1. Let v be (3268/(-76) - -46) + 0. What is g(v)?
2
Let a(s) = -s**2 - 6*s - 10. Let k be a(-4). Let h(i) = -10*i**2 + 8*i**2 + 16 - 26 - 2*i**3 + 3*i + 12. Give h(k).
4
Let m(o) = -2 + 12 - 14*o + 9*o + 8*o**2 + 32 - 12 + o**3. Determine m(-9).
-6
Let i(n) = -n**2 - 3*n + 39. Suppose -28 = -4*q - 4*y, 0 = 4*q + 3*y - 10 - 11. Give i(q).
39
Let w be (7/3)/((-115)/60 - -2). Let k(i) = -2*i + i + 20 - w + 10. What is k(5)?
-3
Let n(d) = 79*d + 688. Let f(x) = -50*x - 459. Let l(g) = -8*f(g) - 5*n(g). Determine l(-47).
-3
Let m(i) = 3 - 7 + 4*i + i**2 - 5*i. Suppose k - 2*y + 127 = 0, k + 74 = -y - 50. Let f = k - -125. Calculate m(f).
-4
Let q(z) = z**2 - 8*z - 21. Suppose 1613*v = 1616*v + 3*m - 42, -21 = -3*v + 4*m. Calculate q(v).
12
Let k(r) = r**2 + 9*r. Let c be k(-9). Suppose 6*b + 6*b - 72 = c. Let d(j) = j**2 - 6*j - 3. What is d(b)?
-3
Let z(r) = r**3 - 5*r**2 + 4. Suppose -3*g - 5*x - 70 = 57, 5*g + 191 = 2*x. Let d = g - -44. Let y be z(d). Let b(t) = t - 1. Calculate b(y).
3
Let x(t) = 9*t**2 + t - 1. Suppose q - 2 = 8. Suppose 3*u + 2*u = q. Suppose u*w + 2*h - 4 = h, -13 = -3*w - 5*h. Calculate x(w).
9
Let q(k) = -3*k**2 + k. Let m(a) = -7*a**2 + 3*a. Let x(z) = 2*m(z) - 5*q(z). Let t = -78 + 101. Suppose -11*u = -t*u + 12. Determine x(u).
2
Let b(r) = -25*r + 144*r - 31*r - 34*r + 92 - 45*r. What is b(-10)?
2
Let g(v) be the third derivative of -v**5/60 + 5*v**4/12 + 83*v**3/6 - 2*v**2 + 3*v - 1751. Determine g(15).
8
Let d(g) = 15 - g + 5*g**2 - 5*g**2 + 12*g + g**2. Let v be d(-10). Suppose 0 = -3*m - 9, -2*n - v*m = 23. Let a(o) = -o**3 - 4*o**2 + 2*o. Determine a(n).
-8
Let f(b) = -b**2 - b + 1. Let q(r) = r**2 - 2*r. Let g(i) = f(i) - q(i). Suppose -22*y + 10 = -78. Suppose y*p - 6*c - 6 = -11*c, -4*p + c = 6. What is g(p)?
-2
Let y(v) = v - 7. Let z(m) = m**3 + 3*m**2 - 530*m - 1586. Let w be z(-3). What is y(w)?
-3
Let f(k) = -9*k - 95 - 5*k - 13*k**2 + 186 + k**3 - 106. Determine f(14).
-15
Let k = 624/23 - 3721/138. Let h(u) be the second derivative of 1/2*u**2 + k*u**3 + 0 - 7*u. Give h(1).
2
Let i(c) = 7*c**3 + c**2 + 5*c - 10. Let g be i(3). Suppose -g*u = -201*u. Let t(n) = 5*n + 4*n - 5*n + u*n. Determine t(-5).
-20
Let k(t) = -4 + 2*t - t + 5. Suppose -500*z + 83*z = -17*z. Determine k(z).
1
Let g be 3/(-3) + (0 - -4). Let z(p) = 4*p - 9. Let w be z(g). Let t(f) = -2*f - f - 365*f**2 + 2 + 366*f**2. What is t(w)?
2
Let t be -13 + (132/6 - 4). Let p(f) = -f + 13. Determine p(t).
8
Suppose -v - 37 = -4*a - 95, -a + 83 = v. Let p(h) = -9*h + 18 - v*h**2 - 48*h**2 + 127*h**2. What is p(7)?
4
Let z(b) be the third derivative of -b**6/120 - b**5/12 + 3*b**4/8 + 3*b**3/2 + 22*b**2. Let p be 12/10*(4 - 9). Give z(p).
-9
Let j(v) = 2*v**3 - 9*v**2 - 2*v + 13. Let o(d) = -d**2 - 2*d + 4. Let x be o(-2). Let c be j(x). Let t(g) = -g**3 - 12*g**2 - 11*g - 3. Give t(c).
-3
Let j be (70/40)/((-1)/(-4)). Let w(a) = a**3 - j*a + 5*a**2 + 27 + 24 - 53. Give w(-6).
4
Let z(b) = 46*b - 119. Let r(t) = 13*t - 35. Let c(o) = -7*r(o) + 2*z(o). Let h be 1/(2/14*1). What is c(h)?
14
Let j(g) 